 - 72. Let n = g + w. List the prime factors of n.
23
Suppose 80153 + 102053 = 23*q. What are the prime factors of q?
2, 17, 233
Suppose -32928 = 23*y - 107*y. List the prime factors of y.
2, 7
Let t = 10 - 0. Let j(z) = 8*z**2 - t*z - z + 11*z. List the prime factors of j(-3).
2, 3
Suppose 0 = -2*r - 4*q + 106980, 87*r + 3*q = 82*r + 267499. What are the prime factors of r?
2, 11, 19
Suppose 2*x - 2*c - 21682 = 13550, 3*x - 4*c = 52846. What are the prime factors of x?
2, 23, 383
Let v = -223 + 222. List the prime factors of (-3 - -2)/(v/137).
137
Suppose 41*o + 863717 = 2987479 + 923809. List the prime factors of o.
3, 2753
Let q(y) = -76*y - 3. Let z(n) = n**2 - 6*n + 3. Let u be z(6). Let b(a) = 76*a + 2. Let x(l) = u*b(l) + 2*q(l). What are the prime factors of x(2)?
2, 19
Let f(b) = -2*b + 1. Let z = 66 - 68. Let d be f(z). Suppose -w - 3*j - 41 = -2*w, 5 = d*j. What are the prime factors of w?
2, 11
Let j = -53041 + 92689. What are the prime factors of j?
2, 3, 7, 59
Let d(j) = j**2 - j + 106. Let u be (-22)/(-12) + 11/66. Let s be ((u + (-1 - 1))/(-2))/1. What are the prime factors of d(s)?
2, 53
Let g = 42 + -41. Let z be 5*(g + 4/(-10)). List the prime factors of ((-1)/(-3))/(z*(-3)/(-162)).
2, 3
Suppose 194 - 184 = 5*o. Suppose o*b = 5*k - 2727, 5*k - 2175 = k - 5*b. List the prime factors of k.
5, 109
Suppose 5*i + 25 = 0, -i + 6*i = 5*c + 5. Let q = -4 - c. What are the prime factors of -3 - -90*3*1/q?
2, 3, 11
Let o(s) = s**3 - 21*s**2 - 23*s - 33. Let w be o(22). Let x = w - -219. What are the prime factors of (-2 - 0) + x/4?
3, 13
Let k = -1798 + 1857. List the prime factors of k.
59
Let r(a) = -170*a + 489. What are the prime factors of r(-21)?
3, 11, 41
What are the prime factors of (-24316 - 2)/(111/(-296))?
2, 3, 7, 193
Suppose 0*o = -2*o - 5*i + 23, -3*o + 46 = -4*i. Let k(v) = 19 + 40*v**3 + 7 - 18*v + 16*v**2 - 41*v**3. List the prime factors of k(o).
2, 83
Let l = 111 - -1. Suppose 4*z = 3*z - 4*p + l, 2*p + 100 = z. What are the prime factors of z?
2, 13
Let t(c) = 1491*c**3 + 16*c - 34. List the prime factors of t(2).
2, 67, 89
Let r(m) = 510*m**2 - 93*m + 671. What are the prime factors of r(8)?
29, 1123
Let q be -12*(-12)/(-9) + -2. Let v be (42 + -4)/(12/q). What are the prime factors of (-76)/v + 682/6?
5, 23
Suppose -25 + 83 = 29*j. Let p = 3 - 2. Suppose 75 = 2*l + 3*t, t - j*t = -p. List the prime factors of l.
2, 3
Suppose 2*d = 2*m - 0*d + 30, 5*d + 65 = -2*m. Let a be 20/m*(-12)/(-2). Let u(w) = -w**3 - 4*w**2 + 8*w + 8. What are the prime factors of u(a)?
2
Suppose 5*l = 2*a + 73154, -28 = -15*a + 19*a. What are the prime factors of l?
2, 3, 23, 53
Let j = -155 + 155. Suppose j = 21*y - 22*y + 93. List the prime factors of y.
3, 31
Let v be (42/6 - 9)*1021/(-2). Let l = v + -358. List the prime factors of l.
3, 13, 17
Suppose -15349*u = -15356*u + 49756. List the prime factors of u.
2, 1777
Suppose -3*y = -12 + 75. Let r(f) = f**2 - 10*f + 11. What are the prime factors of r(y)?
2, 331
Suppose -5*a = 3*y - 20308, -47*a - 14 = -45*a. List the prime factors of y.
6781
Let g be 0*(-2)/(-4) + 5. Suppose -2*j = -j - 2*c - 297, 0 = g*j - 3*c - 1450. What are the prime factors of j?
7, 41
Suppose -59031 = -2*t - 5*n, -8*t + 62081 = n - 174100. What are the prime factors of t?
3, 13, 757
Let r(i) = -3*i + 16. Let y be r(0). Let f(z) = 11*z - 8. Let j(n) = 10*n - 8. Let c(v) = -4*f(v) + 5*j(v). What are the prime factors of c(y)?
2, 11
Suppose 0 = -3*r - x + 154364, 2*x - 77 = -79. List the prime factors of r.
5, 41, 251
Let q be (-6 + 1 + 2)*4/(-6). Suppose 5*o - 21 = 3*n - q, -3*n + o - 11 = 0. List the prime factors of 68/3 + 2/n.
2, 11
Let k = 4870 + -1778. Suppose 3*j = -j + k. What are the prime factors of j?
773
Let v be 4/6 + (-37345)/(-21) + 0. Suppose -4*j + 2008 = 4*s, -5*j + 5*s + 731 + v = 0. What are the prime factors of j?
2, 251
Suppose -126 = -5*o - 4*d + 87, -o + 51 = -2*d. What are the prime factors of o/36*-4 + 547/1?
2, 271
Suppose 3*l - 61057 = -6*l - 6652. List the prime factors of l.
3, 5, 13, 31
Let j be 4645/35 - -4 - 8/(-28). Suppose -j*u = -129*u - 432. List the prime factors of u.
2, 3
Suppose 3*v - 5*l + 56 = -11, 0 = -4*v - 3*l - 99. Suppose -2*p - 89 = a, -4*p + 2*a = a + 163. Let w = v - p. What are the prime factors of w?
2, 3
Suppose -3*r + 12*r = 36. Suppose -j = -5*h + 1345, 5*j = 5*h - r*h - 245. List the prime factors of h.
2, 3, 5
Suppose 0 = 8*d - 5*d - 111. Let r = d - 36. What are the prime factors of -26 + 84 + r/(1 + 0)?
59
Let m(h) = -7*h**3 + 1. Let a be m(-3). Let j = 26 + a. Suppose -13*y = -15*y + j. List the prime factors of y.
2, 3
Let c = -3876 - -6765. What are the prime factors of c?
3, 107
Let m(r) be the first derivative of 135*r**2/2 + 64*r + 98. What are the prime factors of m(2)?
2, 167
Let n(l) = 86*l - 51*l - 45*l + 62. List the prime factors of n(5).
2, 3
Let j = 7497 - 2635. Suppose -10*a + 32*a = j. List the prime factors of a.
13, 17
Let d(m) = m**2 - m + 1. Let a(f) = -2*f**3 + 11*f**2 - 7*f - 9. Let s(j) = -a(j) + 4*d(j). What are the prime factors of s(5)?
103
Let x(i) = 7*i**3 + 40*i**2 + 111*i + 11. Let p(t) = -12*t**3 - 80*t**2 - 224*t - 23. Let z(n) = 3*p(n) + 5*x(n). What are the prime factors of z(-38)?
2, 193
Let f be -2*(1 + 4 + -3) + 4. Suppose f = 7*t - 27*t + 9100. What are the prime factors of t?
5, 7, 13
Suppose 4*a = 4*v - 1078 - 902, 4*v - 483 = a. Let h = -354 - a. List the prime factors of h.
5, 29
Suppose 18*r = 20*r + 29*r - 501177. What are the prime factors of r?
3, 17, 317
Let a(x) = -2*x**3 + 11*x**2 + x + 29. Let q be a(15). Let d = -2582 - q. List the prime factors of d.
17, 97
Let f(n) = 73*n - 30. Let k(l) = -37*l + 14. Let c(a) = -2*f(a) - 5*k(a). What are the prime factors of c(10)?
2, 5, 19
Suppose -65*s = 52*s - 875745. What are the prime factors of s?
3, 5, 499
Let t(j) = 124*j**2 + 59*j - 243. What are the prime factors of t(10)?
3, 7, 607
Suppose -2100945 = -200*a + 3588255. List the prime factors of a.
2, 3, 11, 431
Suppose -5*y + 38335 = 3*x, 48*y - 47*y - x = 7659. What are the prime factors of y?
2, 479
Suppose 527737 + 250817 = 63*f. List the prime factors of f.
2, 37, 167
Let x = 49 - 45. Suppose -891 = x*z - 251. Let a = -82 - z. List the prime factors of a.
2, 3, 13
Let j be 4 + -24 + -5 + 3 + -2. Let f be (-8268)/(-51) - j/(-204). What are the prime factors of f + -2 + (-36)/(-9)?
2, 41
Let q be 5424/(-20)*20/(-6). Suppose q = 3*p - 116. Suppose -88*f - p = -93*f. What are the prime factors of f?
2, 17
Suppose 14 = 2*j - 0. Let d be (-26)/(-7) + (0 - (-2)/j). Suppose 59 + d = l - 2*o, 2*l + 4*o - 142 = 0. What are the prime factors of l?
67
Let u be (-264)/(-32) - (-2)/(-8). Let o(f) = 12*f - 25. Let p(y) = -3. Let g(b) = 2*o(b) - 4*p(b). What are the prime factors of g(u)?
2, 7, 11
Suppose -259*f - 1911457 + 2075691 = -15932875. List the prime factors of f.
3, 20717
Let s = 960 + -673. Suppose 5*h - 4*h - s = -2*n, 5*n = -h + 290. What are the prime factors of h?
3, 5, 19
Let w(i) = -3*i**3 - 3*i**2 - 14*i + 16876. List the prime factors of w(0).
2, 4219
Suppose 0*j - 72280 = -26*j. Let c = j - 1907. What are the prime factors of c?
3, 97
Let s(y) = 2*y**2 - 7*y - 1. Let k be s(4). Let v be 4*(k - 5/2). Suppose -219 = -3*u - 3*a, v*u + 5*a - 2*a = 149. List the prime factors of u.
2, 5, 7
Suppose -43*p = -37*p + 24. Let o be (2/p)/((-4)/2752). Let w = o - 245. What are the prime factors of w?
3, 11
Let b be ((-24)/(-20))/(9/30). Suppose -f + 2*i + 227 = -2*f, -f = -b*i + 227. Let r = -96 - f. List the prime factors of r.
131
Let q(r) = -3397*r**3 - 5*r**2 + 5*r + 5. List the prime factors of q(-2).
19, 1429
Suppose -5*p + 3*g = -28, p = 3*p + 5*g - 5. Let b be (84/(-3))/((-2)/p). What are the prime factors of b + -9*(-1)/3?
73
Suppose -5*y - 5*h = 1844 - 5154, 4*h + 667 = y. Suppose 5*l - 849 - y = -4*j, 3*l = 2*j - 756. What are the prime factors of j?
2, 3, 7
Suppose 0 = -4*a - 4, 0*a + a = -2*c + 2255. Suppose 6*n = c - 450. What are the prime factors of n?
113
Let z = 91608 + -28256. List the prime factors of z.
2, 7919
Suppose -600*l = -817*l + 8513127. List the prime factors of l.
3, 1453
Suppose -253*h + 741679 + 1618019 - 674971 = 0. List the prime factors of h.
6659
Let v be 120/20 + 3250/2 